23211 + 0?
10323211
In base 12, what is 1 + -1b6668?
-1b6667
In base 14, what is 19d - 22?
17b
In base 6, what is -1 - 145143?
-145144
In base 7, what is 0 + -460225?
-460225
In base 9, what is -25 - 1151?
-1176
In base 16, what is 4 - -a5e4?
a5e8
In base 8, what is -21 + 45112?
45071
In base 3, what is -101022002 - -12?
-101021220
In base 10, what is -32891 - 4?
-32895
In base 7, what is -15554 + -241?
-16125
In base 12, what is 2 - -208aa9?
208aab
In base 16, what is bd1 - 32?
b9f
In base 10, what is 5 + 404259?
404264
In base 11, what is -15554 - a6?
-1564a
In base 16, what is -230 - 0?
-230
In base 2, what is 1101001000111 + -110?
1101001000001
In base 6, what is 20300 - 40?
20220
In base 2, what is -1011110 + 100101110010?
100100010100
In base 10, what is 2362842 + -4?
2362838
In base 3, what is 12 + -1120201?
-1120112
In base 7, what is 2246611 - 0?
2246611
In base 12, what is 3278 + -2?
3276
In base 7, what is 1561 - 26241?
-24350
In base 16, what is 30e862 + -3?
30e85f
In base 11, what is 153 + 488?
630
In base 9, what is 0 + -40470?
-40470
In base 6, what is 4454531 - 5?
4454522
In base 16, what is 6e596 + -a?
6e58c
In base 16, what is 24cc7 - 5?
24cc2
In base 5, what is -10111 + 3031?
-2030
In base 9, what is 8470 + 224?
8704
In base 15, what is 7 + 59858?
59860
In base 4, what is -221232322 + 10?
-221232312
In base 8, what is 560075 - -3?
560100
In base 5, what is -4 - 22443420?
-22443424
In base 14, what is b - 314?
-307
In base 14, what is 5 + -cc5?
-cc0
In base 16, what is 5 - -b4be4?
b4be9
In base 3, what is -1110 + 2101?
221
In base 7, what is 123 - -3305?
3431
In base 2, what is -1011110101010 - -11011110?
-1011011001100
In base 3, what is -112202 + 111220001?
111100022
In base 4, what is 12 + 21033213?
21033231
In base 10, what is 325 + 3227?
3552
In base 7, what is 4 - 205502?
-205465
In base 14, what is 48 - 264?
-21a
In base 10, what is 7 + -6046?
-6039
In base 11, what is 25 - -449?
473
In base 6, what is 31241 - -333?
32014
In base 5, what is 0 - -14220034?
14220034
In base 11, what is -15 + 62a9?
6294
In base 4, what is -22 + -303002013?
-303002101
In base 3, what is -110022012 - -10?
-110022002
In base 15, what is 50b7e - 3?
50b7b
In base 10, what is 10 - 81827?
-81817
In base 13, what is a + 12660?
1266a
In base 9, what is 0 + -18426?
-18426
In base 9, what is -282140 - -5?
-282134
In base 7, what is -1422 - 21?
-1443
In base 15, what is -1 - -d4d7?
d4d6
In base 3, what is 10020 + -2122010?
-2111220
In base 11, what is -8 - -153a3?
15396
In base 12, what is 2 + -97b6?
-97b4
In base 5, what is 1034400 - 10?
1034340
In base 9, what is -171 - -407?
226
In base 3, what is -22010 + 101002?
1222
In base 9, what is 0 - 86858?
-86858
In base 11, what is -692 + 13?
-67a
In base 15, what is 32d - -79a?
ac8
In base 5, what is 24 - -241234?
241313
In base 14, what is 24 + 780?
7a4
In base 12, what is -2 + -a94a?
-a950
In base 11, what is 4 + -112a00?
-1129a7
In base 9, what is 238 - -17?
256
In base 3, what is -1011121111 - 12?
-1011121200
In base 16, what is -2efb3b + 0?
-2efb3b
In base 9, what is 870 + 370?
1350
In base 15, what is -64 - 43?
-a7
In base 14, what is 2b9 - 1c37?
-195c
In base 11, what is 120924 + 3?
120927
In base 14, what is cd1 + 5?
cd6
In base 2, what is -111001 + -111111010110?
-1000000001111
In base 4, what is 2 - -1010330?
1010332
In base 2, what is -11 + 111001111101111011?
111001111101111000
In base 5, what is -2 - -212040214?
212040212
In base 3, what is -10220210110 - -2?
-10220210101
In base 7, what is 31206 - -13?
31222
In base 13, what is -1 + -ba70?
-ba71
In base 15, what is -1c22 + -7?
-1c29
In base 4, what is 222 - 1220312?
-1220030
In base 9, what is 11 + -163?
-152
In base 10, what is -20317 - 2?
-20319
In base 6, what is -12 + 30352?
30340
In base 16, what is 2 + 4dfa?
4dfc
In base 14, what is -8 - 75548?
-75552
In base 4, what is -202212 - -102022?
-100130
In base 4, what is 3333 - 200212?
-130213
In base 5, what is 31144310 + 10?
31144320
In base 5, what is 14133031 - 4?
14133022
In base 13, what is -212 + -39?
-24b
In base 8, what is -2 + -425325?
-425327
In base 11, what is 36252 - -1?
36253
In base 7, what is 12252 - -2621?
15203
In base 6, what is -11 - -30222?
30211
In base 6, what is 305 + 25521?
30230
In base 11, what is -2145a - 1?
-21460
In base 14, what is b + b2ad?
b2ba
In base 8, what is 2 + -2623?
-2621
In base 13, what is 64 + -4a9?
-445
In base 7, what is 142606 - -40?
142646
In base 16, what is -d + -3a17?
-3a24
In base 13, what is 5 - -15984?
15989
In base 4, what is 2012301 - 13?
2012222
In base 3, what is -1 + 211202112100?
211202112022
In base 2, what is -101011011110 + -1001?
-101011100111
In base 16, what is -7a - 4c3?
-53d
In base 3, what is -10 + 111221221?
111221211
In base 16, what is -6551 + 0?
-6551
In base 6, what is -3 - 2333?
-2340
In base 16, what is -4 + -35735?
-35739
In base 3, what is 1002020 + -2010?
1000010
In base 13, what is -91184 - -3?
-91181
In base 14, what is 101 + -33?
ac
In base 16, what is -b5a + -4?
-b5e
In base 9, what is 2161 + 10?
2171
In base 8, what is 2547 + 5?
2554
In base 15, what is 13 - -1e8b?
1e9e
In base 14, what is 29b3 + cb?
2aa0
In base 11, what is -296 + -92?
-378
In base 4, what is 1310130 - 20?
1310110
In base 12, what is -a + -402?
-410
In base 5, what is -1411230 - -2?
-1411223
In base 11, what is 993 + aa?
a92
In base 15, what is -a - -7d4?
7c9
In base 3, what is 2121020 + 1120?
2122210
In base 16, what is -3 - -38d1?
38ce
In base 15, what is 3 - -192e1?
192e4
In base 16, what is 9 - -2f3e?
2f47
In base 9, what is 8 - -7085?
7104
In base 4, what is 0 + 33212?
33212
In base 3, what is -20212121 + 120?
-20212001
In base 3, what is -11112 - 102222?
-121111
In base 16, what is -125 + 61?
-c4
In base 5, what is 31 + 2232101?
2232132
In base 12, what is -3 - 4001?
-4004
In base 9, what is -10 + -41823?
-41833
In base 3, what is -2022 + 1112121?
1110022
In base 15, what is -838 - -428?
-410
In base 15, what is 77 + 24b?
2c3
In base 8, what is -476236 + -5?
-476243
In base 13, what is 36651 - -5?
36656
In base 9, what is 2 + -14363?
-14361
In base 6, what is -500 - 142532?
-143432
In base 9, what is 46 + 3537?
3584
In base 11, what is 8 - 23934?
-23927
In base 9, what is -413 + -2345?
-2758
In base 15, what is -d + 23b2?
23a4
In base 16, what is -16 + 22ec?
22d6
In base 13, what is -254 - 140?
-394
In base 6, what is -4243 - 12?
-4255
In base 9, what is 4 - -3122?
3126
In base 12, what is 3 + -2a4aa?
-2a4a7
In base 4, what is -1202001 + 113?
-1201222
In base 5, what is -344320410 + 3?
-344320402
In base 14, what is 9 - -12aa?
12b5
In base 12, what is 4 + -ba32?
-ba2a
In base 12, what is -71 - 71b8?
-7269
In base 15, what is -4a01 + -8?
-4a09
In base 2, what is 11011001010100110 - 0?
11011001010100110
In base 6, what is -5 - 2051001?
-2051010
In base 12, what is -4 - -9bb?
9b7
In base 4, what is -3213310 + 232?
-3213012
In base 7, what is 5646 - -21?
6000
In base 7, what is 3 + 2661423?
2661426
In base 8, what is 3 + 1141021?
1141024
In base 7, what is -65124 + 32?
-65062
In base 9, what is 3065 + -101?
2864
In base 11, what is -16459 + 12?
-16447
In base 10, what is 1 + 1252?
1253
In base 15, what is 351b - 14?
3507
In base 16, what is 8 + -16dc?
-16d4
In base 14, what is 50d0 + 4?
50d4
In base 2, what is -1110100101000 + 1000001010?
-1101100011110
In base 7, what is 23436 - 1?
23435
In base 6, what is 101 + 23155?
23300
In base 9, what is 224 - 4812?
-4577
In base 11, what is -4 - 4424a?
-44253
In base 3, what is -20210 - 12020?
-110000
In base 10, what is 5 + -8618?
-8613
In base 13, what is 2 + -1b8b?
-1b89
In base 14, what is 5 + 11b978?
11b97d
In base 13, what is -42 - 2235?
-2277
In base 15, what is 95 + -34a?
-2a5
In base 15, what is -9364 - -8?
-935b
In base 4, what is -1132321 + -2?
-1132323
In base 15, what is -4 + 2e4e?
2e4a
In base 14, what is c5 + -250?
-169
In base 2, what is 1110 + 100011011101?
100011101011
In base 5, what is -24104 - -41?
-24013
In base 14, what is 2caa + -28?
2c82
In base 15, what is 3 + 1e9?
1ec
In base 10, what is -827472 + -7?
-827479
In base 12, what is 4 + -270568?
-270564
In base 13, what is -29a944 - -2?
-29a942
In base 4, what is -110131 - -123?
-110002
In base 12, what is 48048a + 4?